{"id":151,"date":"2013-02-14T13:04:12","date_gmt":"2013-02-14T12:04:12","guid":{"rendered":"https:\/\/www.tura-tennis.de\/?page_id=151"},"modified":"2013-04-03T20:29:09","modified_gmt":"2013-04-03T18:29:09","slug":"preise","status":"publish","type":"page","link":"https:\/\/tura-tennis.de\/?page_id=151","title":{"rendered":"Preise"},"content":{"rendered":"<p>Die Nutzung bei uns auf der Anlage kostet f\u00fcr<\/p>\n<p>1 Stunde 10\u20ac Geb\u00fchr, Bezahlung erfolgt vor Spielbeginn im Clubhaus.<\/p>\n<p>Weitere Informationen unter den weiteren Punkten f\u00fcr die <a title=\"G\u00e4steinfo\" href=\"https:\/\/tura-tennis.de\/gaesteinfo\/\">G\u00e4steinfo<\/a>.<\/p>\n","protected":false},"excerpt":{"rendered":"<p>Die Nutzung bei uns auf der Anlage kostet f\u00fcr 1 Stunde 10\u20ac Geb\u00fchr, Bezahlung erfolgt vor Spielbeginn im Clubhaus. Weitere Informationen unter den weiteren Punkten f\u00fcr die G\u00e4steinfo.<\/p>\n","protected":false},"author":1,"featured_media":0,"parent":16,"menu_order":10,"comment_status":"closed","ping_status":"closed","template":"","meta":{"ngg_post_thumbnail":0},"_links":{"self":[{"href":"https:\/\/tura-tennis.de\/index.php?rest_route=\/wp\/v2\/pages\/151"}],"collection":[{"href":"https:\/\/tura-tennis.de\/index.php?rest_route=\/wp\/v2\/pages"}],"about":[{"href":"https:\/\/tura-tennis.de\/index.php?rest_route=\/wp\/v2\/types\/page"}],"author":[{"embeddable":true,"href":"https:\/\/tura-tennis.de\/index.php?rest_route=\/wp\/v2\/users\/1"}],"replies":[{"embeddable":true,"href":"https:\/\/tura-tennis.de\/index.php?rest_route=%2Fwp%2Fv2%2Fcomments&post=151"}],"version-history":[{"count":0,"href":"https:\/\/tura-tennis.de\/index.php?rest_route=\/wp\/v2\/pages\/151\/revisions"}],"up":[{"embeddable":true,"href":"https:\/\/tura-tennis.de\/index.php?rest_route=\/wp\/v2\/pages\/16"}],"wp:attachment":[{"href":"https:\/\/tura-tennis.de\/index.php?rest_route=%2Fwp%2Fv2%2Fmedia&parent=151"}],"curies":[{"name":"wp","href":"https:\/\/api.w.org\/{rel}","templated":true}]}}