{"id":141,"date":"2013-02-14T13:01:53","date_gmt":"2013-02-14T12:01:53","guid":{"rendered":"https:\/\/www.tura-tennis.de\/?page_id=141"},"modified":"2025-09-23T14:52:57","modified_gmt":"2025-09-23T12:52:57","slug":"historie","status":"publish","type":"page","link":"https:\/\/tura-tennis.de\/?page_id=141","title":{"rendered":"Vereinschronik"},"content":{"rendered":"<p>1965 : Gr\u00fcndungsversammlung im Cafe K\u00f6hler in Bergkamen an der Hochstra\u00dfe. Beginn des Spielbetriebes auf drei Pl\u00e4tzen auf der Anlage am Nordberg<br \/>\n<a href=\"https:\/\/tura-tennis.de\/wp-content\/uploads\/2013\/02\/HW-Grundstein-19XX-1.jpg\"><img decoding=\"async\" loading=\"lazy\" class=\"alignnone size-thumbnail wp-image-882\" src=\"https:\/\/tura-tennis.de\/wp-content\/uploads\/2013\/02\/HW-Grundstein-19XX-1-150x150.jpg\" alt=\"HW-Grundstein-19XX-1\" width=\"150\" height=\"150\" \/><\/a><\/p>\n<p>1974 : Erweiterung der Anlage um den 4.Platz<\/p>\n<p>1976 : Begradigung und Neuausrichtung der Pl\u00e4tze 1,2 und 3 nach starken Bergsenkungen<\/p>\n<p>1980 : Umbau und Erweiterung des Clubhauses<\/p>\n<p><a href=\"https:\/\/tura-tennis.de\/wp-content\/uploads\/2013\/02\/HW-Clubhaus-Alt-2.jpg\"><img decoding=\"async\" loading=\"lazy\" class=\"alignnone size-thumbnail wp-image-881\" src=\"https:\/\/tura-tennis.de\/wp-content\/uploads\/2013\/02\/HW-Clubhaus-Alt-2-150x150.jpg\" alt=\"HW-Clubhaus-Alt-2\" width=\"150\" height=\"150\" \/><\/a>1982 : Erstmalige Ausrichtung des TuRa-Pokales, dem anschlie\u00dfenden Ikea-Cup, als Deutsches -Ranglistenturnier mit deutschen und internationalen Spitzenspielern<\/p>\n<p><a href=\"https:\/\/tura-tennis.de\/wp-content\/uploads\/2013\/02\/HW-1983-Ikea-Cup-Gruppe.jpg\"><img decoding=\"async\" loading=\"lazy\" src=\"https:\/\/tura-tennis.de\/wp-content\/uploads\/2013\/02\/HW-1983-Ikea-Cup-Gruppe-150x150.jpg\" alt=\"HW-1983-Ikea-Cup-Gruppe\" width=\"150\" height=\"150\" \/><\/a><\/p>\n<p>1990 : 25 Jahre TuRa Tennis mit Regina Isecke- Weltmeisterin im Einzel und Doppel in Key-Biscane im Rollstuhltennis<\/p>\n<p>1992 : Erweiterung der Anlage um die Pl\u00e4tze 5 und 6<br \/>\n<a href=\"https:\/\/tura-tennis.de\/der-club\/historie\/attachment\/tura-chronik-2012-platz-5-6\/\" rel=\"attachment wp-att-885\"><img decoding=\"async\" loading=\"lazy\" class=\"alignnone size-full wp-image-885\" src=\"https:\/\/tura-tennis.de\/wp-content\/uploads\/2013\/02\/TuRa-Chronik-2012-Platz-5-6.jpg\" alt=\"\" width=\"236\" height=\"121\" \/><\/a><\/p>\n<p>2005 : 40 j\u00e4hriges Vereinsjubil\u00e4um mit der Karibischen Nacht<\/p>\n<p>2012 : Heutiger Spielbetrieb: \u00fcber 150 Mitglieder, 15 Mannschaften davon 6 im Jugendbereich<\/p>\n<p>2015 : 50 j\u00e4hrige Jubil\u00e4um<br \/>\n<a href=\"https:\/\/tura-tennis.de\/folie1\/\"><img decoding=\"async\" loading=\"lazy\" class=\"alignnone size-medium wp-image-2601\" src=\"https:\/\/tura-tennis.de\/wp-content\/uploads\/2015\/06\/Folie1-300x169.jpg\" alt=\"\" width=\"300\" height=\"169\" srcset=\"https:\/\/tura-tennis.de\/wp-content\/uploads\/2015\/06\/Folie1-300x169.jpg 300w, https:\/\/tura-tennis.de\/wp-content\/uploads\/2015\/06\/Folie1.jpg 960w\" sizes=\"(max-width: 300px) 100vw, 300px\" \/><\/a><\/p>\n<p>Moderne Sportst\u00e4tten 20222<br \/>\nIm Rahmen des F\u00f6rderprogramms Moderne Sportst\u00e4tten 2022 wurden die Tennispl\u00e4tze general\u00fcberholt.<br \/>\nZus\u00e4tzlich wurde auf den Pl\u00e4tzen eine automatische Beregnungsanlage verbaut, welche vollautomatisch die Pl\u00e4tze bew\u00e4ssert und somit<\/p>\n<p>eine bessere Bespielbarkeit der Tennispl\u00e4tze garantiert.<br \/>\n<a href=\"https:\/\/tura-tennis.de\/wp-content\/uploads\/2021\/10\/20211007_164249.jpg\"><img decoding=\"async\" loading=\"lazy\" class=\" wp-image-5027 alignleft\" src=\"https:\/\/tura-tennis.de\/wp-content\/uploads\/2021\/10\/20211007_164249-1024x461.jpg\" alt=\"\" width=\"504\" height=\"227\" srcset=\"https:\/\/tura-tennis.de\/wp-content\/uploads\/2021\/10\/20211007_164249-1024x461.jpg 1024w, https:\/\/tura-tennis.de\/wp-content\/uploads\/2021\/10\/20211007_164249-300x135.jpg 300w, https:\/\/tura-tennis.de\/wp-content\/uploads\/2021\/10\/20211007_164249-768x346.jpg 768w\" sizes=\"(max-width: 504px) 100vw, 504px\" \/><\/a><br \/>\n<a href=\"https:\/\/tura-tennis.de\/wp-content\/uploads\/2021\/10\/20211007_164438.jpg\"><img decoding=\"async\" loading=\"lazy\" class=\"wp-image-5030 alignleft\" src=\"https:\/\/tura-tennis.de\/wp-content\/uploads\/2021\/10\/20211007_164438-1024x461.jpg\" alt=\"\" width=\"497\" height=\"224\" srcset=\"https:\/\/tura-tennis.de\/wp-content\/uploads\/2021\/10\/20211007_164438-1024x461.jpg 1024w, https:\/\/tura-tennis.de\/wp-content\/uploads\/2021\/10\/20211007_164438-300x135.jpg 300w, https:\/\/tura-tennis.de\/wp-content\/uploads\/2021\/10\/20211007_164438-768x346.jpg 768w\" sizes=\"(max-width: 497px) 100vw, 497px\" \/><\/a><\/p>\n","protected":false},"excerpt":{"rendered":"<p>1965 : Gr\u00fcndungsversammlung im Cafe K\u00f6hler in Bergkamen an der Hochstra\u00dfe. Beginn des Spielbetriebes auf drei Pl\u00e4tzen auf der Anlage am Nordberg 1974 : Erweiterung der Anlage um den 4.Platz 1976 : Begradigung und Neuausrichtung der Pl\u00e4tze 1,2 und 3 nach starken Bergsenkungen 1980 : Umbau und Erweiterung des Clubhauses 1982 : Erstmalige Ausrichtung des<a href=\"https:\/\/tura-tennis.de\/?page_id=141\">&raquo; Mehr erfahren&#8230;<\/a><\/p>\n","protected":false},"author":1,"featured_media":0,"parent":11,"menu_order":60,"comment_status":"closed","ping_status":"closed","template":"","meta":{"ngg_post_thumbnail":0},"_links":{"self":[{"href":"https:\/\/tura-tennis.de\/index.php?rest_route=\/wp\/v2\/pages\/141"}],"collection":[{"href":"https:\/\/tura-tennis.de\/index.php?rest_route=\/wp\/v2\/pages"}],"about":[{"href":"https:\/\/tura-tennis.de\/index.php?rest_route=\/wp\/v2\/types\/page"}],"author":[{"embeddable":true,"href":"https:\/\/tura-tennis.de\/index.php?rest_route=\/wp\/v2\/users\/1"}],"replies":[{"embeddable":true,"href":"https:\/\/tura-tennis.de\/index.php?rest_route=%2Fwp%2Fv2%2Fcomments&post=141"}],"version-history":[{"count":5,"href":"https:\/\/tura-tennis.de\/index.php?rest_route=\/wp\/v2\/pages\/141\/revisions"}],"predecessor-version":[{"id":5539,"href":"https:\/\/tura-tennis.de\/index.php?rest_route=\/wp\/v2\/pages\/141\/revisions\/5539"}],"up":[{"embeddable":true,"href":"https:\/\/tura-tennis.de\/index.php?rest_route=\/wp\/v2\/pages\/11"}],"wp:attachment":[{"href":"https:\/\/tura-tennis.de\/index.php?rest_route=%2Fwp%2Fv2%2Fmedia&parent=141"}],"curies":[{"name":"wp","href":"https:\/\/api.w.org\/{rel}","templated":true}]}}

<p>1965 : Gründungsversammlung im Cafe Köhler in Bergkamen an der Hochstraße. Beginn des Spielbetriebes auf drei Plätzen auf der Anlage am Nordberg<br />
<a href="https://tura-tennis.de/wp-content/uploads/2013/02/HW-Grundstein-19XX-1.jpg"><img decoding="async" loading="lazy" class="alignnone size-thumbnail wp-image-882" src="https://tura-tennis.de/wp-content/uploads/2013/02/HW-Grundstein-19XX-1-150x150.jpg" alt="HW-Grundstein-19XX-1" width="150" height="150" /></a></p>
<p>1974 : Erweiterung der Anlage um den 4.Platz</p>
<p>1976 : Begradigung und Neuausrichtung der Plätze 1,2 und 3 nach starken Bergsenkungen</p>
<p>1980 : Umbau und Erweiterung des Clubhauses</p>
<p><a href="https://tura-tennis.de/wp-content/uploads/2013/02/HW-Clubhaus-Alt-2.jpg"><img decoding="async" loading="lazy" class="alignnone size-thumbnail wp-image-881" src="https://tura-tennis.de/wp-content/uploads/2013/02/HW-Clubhaus-Alt-2-150x150.jpg" alt="HW-Clubhaus-Alt-2" width="150" height="150" /></a>1982 : Erstmalige Ausrichtung des TuRa-Pokales, dem anschließenden Ikea-Cup, als Deutsches -Ranglistenturnier mit deutschen und internationalen Spitzenspielern</p>
<p><a href="https://tura-tennis.de/wp-content/uploads/2013/02/HW-1983-Ikea-Cup-Gruppe.jpg"><img decoding="async" loading="lazy" src="https://tura-tennis.de/wp-content/uploads/2013/02/HW-1983-Ikea-Cup-Gruppe-150x150.jpg" alt="HW-1983-Ikea-Cup-Gruppe" width="150" height="150" /></a></p>
<p>1990 : 25 Jahre TuRa Tennis mit Regina Isecke- Weltmeisterin im Einzel und Doppel in Key-Biscane im Rollstuhltennis</p>
<p>1992 : Erweiterung der Anlage um die Plätze 5 und 6<br />
<a href="https://tura-tennis.de/der-club/historie/attachment/tura-chronik-2012-platz-5-6/" rel="attachment wp-att-885"><img decoding="async" loading="lazy" class="alignnone size-full wp-image-885" src="https://tura-tennis.de/wp-content/uploads/2013/02/TuRa-Chronik-2012-Platz-5-6.jpg" alt="" width="236" height="121" /></a></p>
<p>2005 : 40 jähriges Vereinsjubiläum mit der Karibischen Nacht</p>
<p>2012 : Heutiger Spielbetrieb: über 150 Mitglieder, 15 Mannschaften davon 6 im Jugendbereich</p>
<p>2015 : 50 jährige Jubiläum<br />
<a href="https://tura-tennis.de/folie1/"><img decoding="async" loading="lazy" class="alignnone size-medium wp-image-2601" src="https://tura-tennis.de/wp-content/uploads/2015/06/Folie1-300x169.jpg" alt="" width="300" height="169" srcset="https://tura-tennis.de/wp-content/uploads/2015/06/Folie1-300x169.jpg 300w, https://tura-tennis.de/wp-content/uploads/2015/06/Folie1.jpg 960w" sizes="(max-width: 300px) 100vw, 300px" /></a></p>
<p>Moderne Sportstätten 20222<br />
Im Rahmen des Förderprogramms Moderne Sportstätten 2022 wurden die Tennisplätze generalüberholt.<br />
Zusätzlich wurde auf den Plätzen eine automatische Beregnungsanlage verbaut, welche vollautomatisch die Plätze bewässert und somit</p>
<p>eine bessere Bespielbarkeit der Tennisplätze garantiert.<br />
<a href="https://tura-tennis.de/wp-content/uploads/2021/10/20211007_164249.jpg"><img decoding="async" loading="lazy" class=" wp-image-5027 alignleft" src="https://tura-tennis.de/wp-content/uploads/2021/10/20211007_164249-1024x461.jpg" alt="" width="504" height="227" srcset="https://tura-tennis.de/wp-content/uploads/2021/10/20211007_164249-1024x461.jpg 1024w, https://tura-tennis.de/wp-content/uploads/2021/10/20211007_164249-300x135.jpg 300w, https://tura-tennis.de/wp-content/uploads/2021/10/20211007_164249-768x346.jpg 768w" sizes="(max-width: 504px) 100vw, 504px" /></a><br />
<a href="https://tura-tennis.de/wp-content/uploads/2021/10/20211007_164438.jpg"><img decoding="async" loading="lazy" class="wp-image-5030 alignleft" src="https://tura-tennis.de/wp-content/uploads/2021/10/20211007_164438-1024x461.jpg" alt="" width="497" height="224" srcset="https://tura-tennis.de/wp-content/uploads/2021/10/20211007_164438-1024x461.jpg 1024w, https://tura-tennis.de/wp-content/uploads/2021/10/20211007_164438-300x135.jpg 300w, https://tura-tennis.de/wp-content/uploads/2021/10/20211007_164438-768x346.jpg 768w" sizes="(max-width: 497px) 100vw, 497px" /></a></p>

<p>1965 : Gründungsversammlung im Cafe Köhler in Bergkamen an der Hochstraße. Beginn des Spielbetriebes auf drei Plätzen auf der Anlage am Nordberg 1974 : Erweiterung der Anlage um den 4.Platz 1976 : Begradigung und Neuausrichtung der Plätze 1,2 und 3 nach starken Bergsenkungen 1980 : Umbau und Erweiterung des Clubhauses 1982 : Erstmalige Ausrichtung des<a href="https://tura-tennis.de/?page_id=141">&raquo; Mehr erfahren&#8230;</a></p>
